{"id":7051,"date":"2018-12-04T15:44:14","date_gmt":"2018-12-04T21:44:14","guid":{"rendered":"https:\/\/www.bestmex.com\/en\/mexico-insurance-blog\/?page_id=7051"},"modified":"2024-07-02T10:50:41","modified_gmt":"2024-07-02T15:50:41","slug":"los-angeles-verdes-roads-mexico","status":"publish","type":"page","link":"https:\/\/www.bestmex.com\/en\/mexico-insurance-blog\/los-angeles-verdes-roads-mexico\/","title":{"rendered":"Los Angeles Verdes on the Roads of M\u00e9xico"},"content":{"rendered":"<p>[et_pb_section fb_built=&#8221;1&#8243; _builder_version=&#8221;4.16&#8243; custom_padding=&#8221;0px||0px|&#8221; transparent_background=&#8221;off&#8221; make_fullwidth=&#8221;off&#8221; use_custom_width=&#8221;off&#8221; width_unit=&#8221;on&#8221; global_colors_info=&#8221;{}&#8221;][et_pb_row admin_label=&#8221;row&#8221; _builder_version=&#8221;4.16&#8243; background_size=&#8221;initial&#8221; background_position=&#8221;top_left&#8221; background_repeat=&#8221;repeat&#8221; custom_margin=&#8221;||0px|&#8221; custom_padding=&#8221;||0px|&#8221; make_fullwidth=&#8221;off&#8221; use_custom_width=&#8221;off&#8221; width_unit=&#8221;on&#8221; global_colors_info=&#8221;{}&#8221;][et_pb_column type=&#8221;4_4&#8243; _builder_version=&#8221;4.16&#8243; custom_padding=&#8221;|||&#8221; global_colors_info=&#8221;{}&#8221; custom_padding__hover=&#8221;|||&#8221;][et_pb_text disabled_on=&#8221;off|off|off&#8221; admin_label=&#8221;Los Angeles Verdes&#8221; _builder_version=&#8221;4.16&#8243; global_colors_info=&#8221;{}&#8221;]<\/p>\n<div id=\"ez-toc-container\" class=\"ez-toc-v2_0_80 counter-hierarchy ez-toc-counter ez-toc-grey ez-toc-container-direction\">\r\n<div class=\"ez-toc-title-container\">\r\n<p class=\"ez-toc-title\" style=\"cursor:inherit\">Table of Contents<\/p>\r\n<span class=\"ez-toc-title-toggle\"><a href=\"#\" class=\"ez-toc-pull-right ez-toc-btn ez-toc-btn-xs ez-toc-btn-default ez-toc-toggle\" aria-label=\"Toggle Table of Content\"><span class=\"ez-toc-js-icon-con\"><span class=\"\"><span class=\"eztoc-hide\" style=\"display:none;\">Toggle<\/span><span class=\"ez-toc-icon-toggle-span\"><svg style=\"fill: #999;color:#999\" xmlns=\"http:\/\/www.w3.org\/2000\/svg\" class=\"list-377408\" width=\"20px\" height=\"20px\" viewBox=\"0 0 24 24\" fill=\"none\"><path d=\"M6 6H4v2h2V6zm14 0H8v2h12V6zM4 11h2v2H4v-2zm16 0H8v2h12v-2zM4 16h2v2H4v-2zm16 0H8v2h12v-2z\" fill=\"currentColor\"><\/path><\/svg><svg style=\"fill: #999;color:#999\" class=\"arrow-unsorted-368013\" xmlns=\"http:\/\/www.w3.org\/2000\/svg\" width=\"10px\" height=\"10px\" viewBox=\"0 0 24 24\" version=\"1.2\" baseProfile=\"tiny\"><path d=\"M18.2 9.3l-6.2-6.3-6.2 6.3c-.2.2-.3.4-.3.7s.1.5.3.7c.2.2.4.3.7.3h11c.3 0 .5-.1.7-.3.2-.2.3-.5.3-.7s-.1-.5-.3-.7zM5.8 14.7l6.2 6.3 6.2-6.3c.2-.2.3-.5.3-.7s-.1-.5-.3-.7c-.2-.2-.4-.3-.7-.3h-11c-.3 0-.5.1-.7.3-.2.2-.3.5-.3.7s.1.5.3.7z\"\/><\/svg><\/span><\/span><\/span><\/a><\/span><\/div>\r\n<nav><ul class='ez-toc-list ez-toc-list-level-1 eztoc-toggle-hide-by-default' ><li class='ez-toc-page-1 ez-toc-heading-level-1'><a class=\"ez-toc-link ez-toc-heading-1\" href=\"https:\/\/www.bestmex.com\/en\/mexico-insurance-blog\/los-angeles-verdes-roads-mexico\/#Los_Angeles_Verdes_on_the_Roads_of_Mexico\" >Los Angeles Verdes on the Roads of M\u00e9xico<\/a><ul class='ez-toc-list-level-2' ><li class='ez-toc-heading-level-2'><a class=\"ez-toc-link ez-toc-heading-2\" href=\"https:\/\/www.bestmex.com\/en\/mexico-insurance-blog\/los-angeles-verdes-roads-mexico\/#What_are_the_services_Los_Angeles_Verdes_offer\" >What are the services Los Angeles Verdes offer?<\/a><\/li><li class='ez-toc-page-1 ez-toc-heading-level-2'><a class=\"ez-toc-link ez-toc-heading-3\" href=\"https:\/\/www.bestmex.com\/en\/mexico-insurance-blog\/los-angeles-verdes-roads-mexico\/#Other_Articles_of_Interest\" >Other Articles of Interest<\/a><\/li><\/ul><\/li><\/ul><\/nav><\/div>\r\n<h1 style=\"text-align: center;\"><span class=\"ez-toc-section\" id=\"Los_Angeles_Verdes_on_the_Roads_of_Mexico\"><\/span><span style=\"color: #003300;\"><a id=\"section3\"><\/a>Los Angeles Verdes on the Roads of M\u00e9xico<\/span><span class=\"ez-toc-section-end\"><\/span><\/h1>\n<p style=\"text-align: center;\"><a href=\"https:\/\/www.bestmex.com\/es\/mexico-seguros-blog\/los-angeles-verdes-en-mexico\/\"><span style=\"color: #008000;\"><strong>Espa\u00f1ol<\/strong><\/span><\/a><\/p>\n<p>[\/et_pb_text][et_pb_image src=&#8221;https:\/\/www.bestmex.com\/en\/mexico-insurance-blog\/wp-content\/uploads\/2018\/10\/NEX-angeles-verdes.png&#8221; alt=&#8221;Los Angeles Verdes&#8221; align=&#8221;center&#8221; align_tablet=&#8221;center&#8221; align_phone=&#8221;&#8221; align_last_edited=&#8221;on|desktop&#8221; _builder_version=&#8221;4.16&#8243; max_width=&#8221;65%&#8221; global_colors_info=&#8221;{}&#8221; disabled_on=&#8221;on|on|on&#8221; disabled=&#8221;on&#8221;][\/et_pb_image][et_pb_text _builder_version=&#8221;4.18.0&#8243; global_colors_info=&#8221;{}&#8221;]<\/p>\n<div class='et-box et-shadow'>\n\t\t\t\t\t<div class='et-box-content'><p id=\"tw-target-text\" class=\"tw-data-text tw-text-large XcVN5d tw-ta\" dir=\"ltr\" style=\"text-align: justify;\" data-placeholder=\"Translation\"><strong><span class=\"Y2IQFc\" lang=\"en\" style=\"color: #008000;\">Los \u00c1ngeles Verdes offer their services through the telephone line 078 from 08:00 to 20:00, 365 days a year.<\/div><\/div><\/span><\/strong><\/p>\n<p id=\"tw-target-text\" class=\"tw-data-text tw-text-large XcVN5d tw-ta\" dir=\"ltr\" style=\"text-align: justify;\" data-placeholder=\"Translation\"><span class=\"Y2IQFc\" lang=\"en\">Los \u00c1ngeles Verdes is a tourist services corporation that provides information services, telephone assistance, emergency mechanics, support and assistance 365 days a year to national and foreign tourists to guarantee their safety on the 206 highway routes in the country.<\/span><\/p>\n<p>&nbsp;<\/p>\n<h2><span class=\"ez-toc-section\" id=\"What_are_the_services_Los_Angeles_Verdes_offer\"><\/span><span style=\"color: #008000;\">What are the services Los Angeles Verdes offer?<\/span><span class=\"ez-toc-section-end\"><\/span><\/h2>\n<ul>\n<li>\n<p id=\"tw-target-text\" class=\"tw-data-text tw-text-large XcVN5d tw-ta\" dir=\"ltr\" style=\"text-align: justify;\" data-placeholder=\"Translation\"><span class=\"Y2IQFc\" lang=\"en\">They patrol the roads in Mexico in green vans and offer assistance in case your vehicle is damaged.<\/span><\/p>\n<\/li>\n<li>\n<p id=\"tw-target-text\" class=\"tw-data-text tw-text-large XcVN5d tw-ta\" dir=\"ltr\" style=\"text-align: justify;\" data-placeholder=\"Translation\"><span class=\"Y2IQFc\" lang=\"en\">The labor and towing service are free, but not the replacement of a spare part.<\/span><\/p>\n<\/li>\n<li style=\"text-align: justify;\">Additionally, they are equipped to provide information to tourists, since they are connected to government offices through a network.<\/li>\n<li style=\"text-align: justify;\"><span style=\"color: #008000;\">\u00a0<\/span>Although their services are free, they appreciate a tip.<\/li>\n<li style=\"text-align: justify;\">Observe emergency signs and signs with phone numbers along the road.<\/li>\n<li style=\"text-align: justify;\">If your vehicle breaks down, pull off to the side of the road and lift the trunk \u00a0as a sign that you need help.<\/li>\n<li style=\"text-align: justify;\">To see a map of the routes that are patrolled by the Green Angels visit the webpage of<span style=\"color: #2791ab;\"> <a style=\"color: #2791ab;\" href=\"https:\/\/www.gob.mx\/sectur|angelesverdes\/en\" target=\"_blank\" rel=\"noopener noreferrer\">Los Angeles Verdes<\/a><\/span><\/li>\n<\/ul>\n<p>[\/et_pb_text][et_pb_text _builder_version=&#8221;4.18.0&#8243; use_background_color_gradient=&#8221;on&#8221; background_color_gradient_stops=&#8221;#2b6614 0%|#36a01e 100%&#8221; background_color_gradient_start=&#8221;#2b6614&#8243; background_color_gradient_end=&#8221;#36a01e&#8221; custom_padding=&#8221;||0px||false|false&#8221; global_colors_info=&#8221;{}&#8221;]<\/p>\n<h2 style=\"text-align: center;\"><span class=\"ez-toc-section\" id=\"Other_Articles_of_Interest\"><\/span><span lang=\"en\" style=\"color: #ffffff;\" tabindex=\"0\">Other Articles of Interest<\/span><span class=\"ez-toc-section-end\"><\/span><\/h2>\n<p>[\/et_pb_text][\/et_pb_column][\/et_pb_row][et_pb_row column_structure=&#8221;1_4,1_4,1_4,1_4&#8243; _builder_version=&#8221;4.16&#8243; _module_preset=&#8221;default&#8221; custom_padding=&#8221;0px||||false|false&#8221; global_colors_info=&#8221;{}&#8221;][et_pb_column type=&#8221;1_4&#8243; _builder_version=&#8221;4.16&#8243; _module_preset=&#8221;default&#8221; global_colors_info=&#8221;{}&#8221;][et_pb_text _builder_version=&#8221;4.16&#8243; _module_preset=&#8221;default&#8221; global_colors_info=&#8221;{}&#8221;]<\/p>\n<p style=\"text-align: center;\"><strong><span style=\"color: #008000;\"><a style=\"color: #008000;\" href=\"https:\/\/www.bestmex.com\/en\/mexico-insurance-blog\/banjercito-border-offices-in-mexico\/\">Banjercito Border Offices in Mexico.<\/a><\/span><\/strong><\/p>\n<p>[\/et_pb_text][\/et_pb_column][et_pb_column type=&#8221;1_4&#8243; _builder_version=&#8221;4.16&#8243; _module_preset=&#8221;default&#8221; global_colors_info=&#8221;{}&#8221;][et_pb_text _builder_version=&#8221;4.16&#8243; _module_preset=&#8221;default&#8221; global_colors_info=&#8221;{}&#8221;]<\/p>\n<p style=\"text-align: center;\"><strong><span style=\"color: #008000;\"><a style=\"color: #008000;\" href=\"https:\/\/www.bestmex.com\/en\/mexico-insurance-blog\/vehicle-verification-in-mexico-and-hoy-no-circula\/\">Hoy No Circula in Mexico<\/a><\/span><\/strong><\/p>\n<p>[\/et_pb_text][\/et_pb_column][et_pb_column type=&#8221;1_4&#8243; _builder_version=&#8221;4.16&#8243; _module_preset=&#8221;default&#8221; global_colors_info=&#8221;{}&#8221;][et_pb_text _builder_version=&#8221;4.16&#8243; _module_preset=&#8221;default&#8221; global_colors_info=&#8221;{}&#8221;]<\/p>\n<p style=\"text-align: center;\"><strong><span style=\"color: #008000;\"><a style=\"color: #008000;\" href=\"https:\/\/www.bestmex.com\/en\/mexico-insurance-blog\/border-crossings-us-mexico\/\">Border Crossings<\/a><\/span><\/strong><\/p>\n<p style=\"text-align: center;\"><strong><span style=\"color: #008000;\">\u00a0<\/span><\/strong><\/p>\n<p>[\/et_pb_text][\/et_pb_column][et_pb_column type=&#8221;1_4&#8243; _builder_version=&#8221;4.16&#8243; _module_preset=&#8221;default&#8221; global_colors_info=&#8221;{}&#8221;][et_pb_text _builder_version=&#8221;4.18.0&#8243; _module_preset=&#8221;default&#8221; global_colors_info=&#8221;{}&#8221;]<\/p>\n<p><span style=\"color: #008000;\"><a style=\"color: #008000;\" href=\"https:\/\/www.bestmex.com\/en\/mexico-insurance-blog\/banjercito-border-offices-in-mexico\/\"><strong>Banjercito Border<\/strong> Offices\u00a0<\/a><\/span><\/p>\n<p style=\"text-align: center;\"><strong><span style=\"color: #008000;\">\u00a0<\/span><\/strong><\/p>\n<p style=\"text-align: center;\"><strong><span style=\"color: #008000;\">\u00a0<\/span><\/strong><\/p>\n<p>[\/et_pb_text][\/et_pb_column][\/et_pb_row][\/et_pb_section][et_pb_section fb_built=&#8221;1&#8243; disabled_on=&#8221;off|off|off&#8221; _builder_version=&#8221;4.16&#8243; background_size=&#8221;contain&#8221; global_colors_info=&#8221;{}&#8221;][et_pb_row column_structure=&#8221;1_3,1_3,1_3&#8243; _builder_version=&#8221;4.16&#8243; background_size=&#8221;contain&#8221; background_blend=&#8221;overlay&#8221; global_colors_info=&#8221;{}&#8221;][et_pb_column type=&#8221;1_3&#8243; _builder_version=&#8221;4.16&#8243; background_position=&#8221;top_left&#8221; custom_padding=&#8221;|||&#8221; global_colors_info=&#8221;{}&#8221; custom_padding__hover=&#8221;|||&#8221;][\/et_pb_column][et_pb_column type=&#8221;1_3&#8243; _builder_version=&#8221;4.16&#8243; background_image=&#8221;https:\/\/www.bestmex.com\/en\/mexico-insurance-blog\/wp-content\/uploads\/2017\/07\/driving-to-mexico.gif&#8221; background_size=&#8221;initial&#8221; background_position=&#8221;top_center&#8221; custom_padding=&#8221;|||&#8221; global_colors_info=&#8221;{}&#8221; custom_padding__hover=&#8221;|||&#8221;][et_pb_cta button_url=&#8221;https:\/\/www.bestmex.com\/shop\/mexican-auto-insurance.aspx&#8221; button_text=&#8221;Quote Now !&#8221; admin_label=&#8221;Call To Action &#8211; quote&#8221; _builder_version=&#8221;4.16&#8243; use_background_color=&#8221;off&#8221; custom_button=&#8221;on&#8221; button_text_color=&#8221;#ffffff&#8221; button_bg_color=&#8221;#e02b20&#8243; button_border_color=&#8221;#e02b20&#8243; button_border_radius=&#8221;8&#8243; background_layout=&#8221;light&#8221; border_style=&#8221;solid&#8221; global_colors_info=&#8221;{}&#8221; button_text_size__hover_enabled=&#8221;off&#8221; button_text_size__hover=&#8221;null&#8221; button_one_text_size__hover_enabled=&#8221;off&#8221; button_one_text_size__hover=&#8221;null&#8221; button_two_text_size__hover_enabled=&#8221;off&#8221; button_two_text_size__hover=&#8221;null&#8221; button_text_color__hover_enabled=&#8221;off&#8221; button_text_color__hover=&#8221;null&#8221; button_one_text_color__hover_enabled=&#8221;off&#8221; button_one_text_color__hover=&#8221;null&#8221; button_two_text_color__hover_enabled=&#8221;off&#8221; button_two_text_color__hover=&#8221;null&#8221; button_border_width__hover_enabled=&#8221;off&#8221; button_border_width__hover=&#8221;null&#8221; button_one_border_width__hover_enabled=&#8221;off&#8221; button_one_border_width__hover=&#8221;null&#8221; button_two_border_width__hover_enabled=&#8221;off&#8221; button_two_border_width__hover=&#8221;null&#8221; button_border_color__hover_enabled=&#8221;off&#8221; button_border_color__hover=&#8221;null&#8221; button_one_border_color__hover_enabled=&#8221;off&#8221; button_one_border_color__hover=&#8221;null&#8221; button_two_border_color__hover_enabled=&#8221;off&#8221; button_two_border_color__hover=&#8221;null&#8221; button_border_radius__hover_enabled=&#8221;off&#8221; button_border_radius__hover=&#8221;null&#8221; button_one_border_radius__hover_enabled=&#8221;off&#8221; button_one_border_radius__hover=&#8221;null&#8221; button_two_border_radius__hover_enabled=&#8221;off&#8221; button_two_border_radius__hover=&#8221;null&#8221; button_letter_spacing__hover_enabled=&#8221;off&#8221; button_letter_spacing__hover=&#8221;null&#8221; button_one_letter_spacing__hover_enabled=&#8221;off&#8221; button_one_letter_spacing__hover=&#8221;null&#8221; button_two_letter_spacing__hover_enabled=&#8221;off&#8221; button_two_letter_spacing__hover=&#8221;null&#8221; button_bg_color__hover_enabled=&#8221;off&#8221; button_bg_color__hover=&#8221;null&#8221; button_one_bg_color__hover_enabled=&#8221;off&#8221; button_one_bg_color__hover=&#8221;null&#8221; button_two_bg_color__hover_enabled=&#8221;off&#8221; button_two_bg_color__hover=&#8221;null&#8221;][\/et_pb_cta][et_pb_code _builder_version=&#8221;4.16&#8243; global_colors_info=&#8221;{}&#8221;]<\/p>\n<style type=\"text\/css\"><!-- [et_pb_line_break_holder] -->svg {<!-- [et_pb_line_break_holder] --> display: block;<!-- [et_pb_line_break_holder] --> margin: 0 auto;<!-- [et_pb_line_break_holder] -->}<!-- [et_pb_line_break_holder] --><!-- [et_pb_line_break_holder] --><\/style>\n<p><!-- [et_pb_line_break_holder] --><!-- [et_pb_line_break_holder] --><svg width=\"200\" height=\"60\" viewBox=\"200 330 550 400\"><!-- [et_pb_line_break_holder] --><\/svg>[\/et_pb_code][\/et_pb_column][et_pb_column type=&#8221;1_3&#8243; _builder_version=&#8221;4.16&#8243; background_position=&#8221;top_left&#8221; custom_padding=&#8221;|||&#8221; global_colors_info=&#8221;{}&#8221; custom_padding__hover=&#8221;|||&#8221;][\/et_pb_column][\/et_pb_row][\/et_pb_section][et_pb_section fb_built=&#8221;1&#8243; fullwidth=&#8221;on&#8221; disabled_on=&#8221;on|on|on&#8221; _builder_version=&#8221;4.16&#8243; custom_padding=&#8221;0px|||&#8221; transparent_background=&#8221;off&#8221; make_fullwidth=&#8221;off&#8221; use_custom_width=&#8221;off&#8221; width_unit=&#8221;on&#8221; disabled=&#8221;on&#8221; global_colors_info=&#8221;{}&#8221;][et_pb_fullwidth_menu menu_id=&#8221;19&#8243; submenu_direction=&#8221;downwards&#8221; fullwidth_menu=&#8221;off&#8221; disabled_on=&#8221;on||&#8221; _builder_version=&#8221;4.16&#8243; menu_text_color=&#8221;#006838&#8243; text_orientation=&#8221;center&#8221; global_colors_info=&#8221;{}&#8221;][\/et_pb_fullwidth_menu][\/et_pb_section]<\/p>\n","protected":false},"excerpt":{"rendered":"<p>Los Angeles Verdes on the Roads of M\u00e9xico Espa\u00f1ol<div class='et-box et-shadow'>\n\t\t\t\t\t<div class='et-box-content'>Los \u00c1ngeles Verdes offer their services through the telephone line 078 from 08:00 to 20:00, 365 days a year.<\/div><\/div> Los \u00c1ngeles Verdes is a tourist services corporation that provides information services, telephone assistance, emergency mechanics, support and assistance 365 days a year to national and foreign [&hellip;]<\/p>\n","protected":false},"author":12,"featured_media":0,"parent":0,"menu_order":0,"comment_status":"closed","ping_status":"closed","template":"","meta":{"_et_pb_use_builder":"on","_et_pb_old_content":"","_et_gb_content_width":"","footnotes":""},"class_list":["post-7051","page","type-page","status-publish","hentry"],"yoast_head":"<!-- This site is optimized with the Yoast SEO Premium plugin v26.8 (Yoast SEO v26.8) - https:\/\/yoast.com\/product\/yoast-seo-premium-wordpress\/ -->\r\n<title>Los Angeles Verdes on the Roads of M\u00e9xico - Bestmex Blog<\/title>\r\n<meta name=\"description\" content=\"The Los Angeles Verdes on the Roads of M\u00e9xico page contains the information about who they are and what is its function on the roads of M\u00e9xico\" \/>\r\n<meta name=\"robots\" content=\"index, follow, max-snippet:-1, max-image-preview:large, max-video-preview:-1\" \/>\r\n<link rel=\"canonical\" href=\"https:\/\/www.bestmex.com\/en\/mexico-insurance-blog\/los-angeles-verdes-roads-mexico\/\" \/>\r\n<meta property=\"og:locale\" content=\"en_US\" \/>\r\n<meta property=\"og:type\" content=\"article\" \/>\r\n<meta property=\"og:title\" content=\"Los Angeles Verdes on the Roads of M\u00e9xico\" \/>\r\n<meta property=\"og:description\" content=\"The Los Angeles Verdes on the Roads of M\u00e9xico page contains the information about who they are and what is its function on the roads of M\u00e9xico\" \/>\r\n<meta property=\"og:url\" content=\"https:\/\/www.bestmex.com\/en\/mexico-insurance-blog\/los-angeles-verdes-roads-mexico\/\" \/>\r\n<meta property=\"og:site_name\" content=\"Bestmex Blog\" \/>\r\n<meta property=\"article:publisher\" content=\"https:\/\/www.facebook.com\/BestMexAutoInsurance\/\" \/>\r\n<meta property=\"article:modified_time\" content=\"2024-07-02T15:50:41+00:00\" \/>\r\n<meta name=\"twitter:card\" content=\"summary_large_image\" \/>\r\n<meta name=\"twitter:label1\" content=\"Est. reading time\" \/>\n\t<meta name=\"twitter:data1\" content=\"1 minute\" \/>\r\n<script type=\"application\/ld+json\" class=\"yoast-schema-graph\">{\"@context\":\"https:\/\/schema.org\",\"@graph\":[{\"@type\":\"WebPage\",\"@id\":\"https:\/\/www.bestmex.com\/en\/mexico-insurance-blog\/los-angeles-verdes-roads-mexico\/\",\"url\":\"https:\/\/www.bestmex.com\/en\/mexico-insurance-blog\/los-angeles-verdes-roads-mexico\/\",\"name\":\"Los Angeles Verdes on the Roads of M\u00e9xico - Bestmex Blog\",\"isPartOf\":{\"@id\":\"https:\/\/www.bestmex.com\/en\/mexico-insurance-blog\/#website\"},\"datePublished\":\"2018-12-04T21:44:14+00:00\",\"dateModified\":\"2024-07-02T15:50:41+00:00\",\"description\":\"The Los Angeles Verdes on the Roads of M\u00e9xico page contains the information about who they are and what is its function on the roads of M\u00e9xico\",\"breadcrumb\":{\"@id\":\"https:\/\/www.bestmex.com\/en\/mexico-insurance-blog\/los-angeles-verdes-roads-mexico\/#breadcrumb\"},\"inLanguage\":\"en-US\",\"potentialAction\":[{\"@type\":\"ReadAction\",\"target\":[\"https:\/\/www.bestmex.com\/en\/mexico-insurance-blog\/los-angeles-verdes-roads-mexico\/\"]}]},{\"@type\":\"BreadcrumbList\",\"@id\":\"https:\/\/www.bestmex.com\/en\/mexico-insurance-blog\/los-angeles-verdes-roads-mexico\/#breadcrumb\",\"itemListElement\":[{\"@type\":\"ListItem\",\"position\":1,\"name\":\"Home\",\"item\":\"https:\/\/www.bestmex.com\/en\/mexico-insurance-blog\/\"},{\"@type\":\"ListItem\",\"position\":2,\"name\":\"Los Angeles Verdes on the Roads of M\u00e9xico\"}]},{\"@type\":\"WebSite\",\"@id\":\"https:\/\/www.bestmex.com\/en\/mexico-insurance-blog\/#website\",\"url\":\"https:\/\/www.bestmex.com\/en\/mexico-insurance-blog\/\",\"name\":\"Bestmex\",\"description\":\"The Best Mexican auto insurance\",\"publisher\":{\"@id\":\"https:\/\/www.bestmex.com\/en\/mexico-insurance-blog\/#organization\"},\"potentialAction\":[{\"@type\":\"SearchAction\",\"target\":{\"@type\":\"EntryPoint\",\"urlTemplate\":\"https:\/\/www.bestmex.com\/en\/mexico-insurance-blog\/?s={search_term_string}\"},\"query-input\":{\"@type\":\"PropertyValueSpecification\",\"valueRequired\":true,\"valueName\":\"search_term_string\"}}],\"inLanguage\":\"en-US\"},{\"@type\":\"Organization\",\"@id\":\"https:\/\/www.bestmex.com\/en\/mexico-insurance-blog\/#organization\",\"name\":\"BestMex Agency Inc.\",\"url\":\"https:\/\/www.bestmex.com\/en\/mexico-insurance-blog\/\",\"logo\":{\"@type\":\"ImageObject\",\"inLanguage\":\"en-US\",\"@id\":\"https:\/\/www.bestmex.com\/en\/mexico-insurance-blog\/#\/schema\/logo\/image\/\",\"url\":\"https:\/\/www.bestmex.com\/en\/mexico-insurance-blog\/wp-content\/uploads\/2017\/06\/BestMex-logo.jpg\",\"contentUrl\":\"https:\/\/www.bestmex.com\/en\/mexico-insurance-blog\/wp-content\/uploads\/2017\/06\/BestMex-logo.jpg\",\"width\":576,\"height\":541,\"caption\":\"BestMex Agency Inc.\"},\"image\":{\"@id\":\"https:\/\/www.bestmex.com\/en\/mexico-insurance-blog\/#\/schema\/logo\/image\/\"},\"sameAs\":[\"https:\/\/www.facebook.com\/BestMexAutoInsurance\/\",\"https:\/\/www.youtube.com\/channel\/UCAQ3nPuribFz5FBm9WSdqTg\"]}]}<\/script>\r\n<!-- \/ Yoast SEO Premium plugin. -->","yoast_head_json":{"title":"Los Angeles Verdes on the Roads of M\u00e9xico - Bestmex Blog","description":"The Los Angeles Verdes on the Roads of M\u00e9xico page contains the information about who they are and what is its function on the roads of M\u00e9xico","robots":{"index":"index","follow":"follow","max-snippet":"max-snippet:-1","max-image-preview":"max-image-preview:large","max-video-preview":"max-video-preview:-1"},"canonical":"https:\/\/www.bestmex.com\/en\/mexico-insurance-blog\/los-angeles-verdes-roads-mexico\/","og_locale":"en_US","og_type":"article","og_title":"Los Angeles Verdes on the Roads of M\u00e9xico","og_description":"The Los Angeles Verdes on the Roads of M\u00e9xico page contains the information about who they are and what is its function on the roads of M\u00e9xico","og_url":"https:\/\/www.bestmex.com\/en\/mexico-insurance-blog\/los-angeles-verdes-roads-mexico\/","og_site_name":"Bestmex Blog","article_publisher":"https:\/\/www.facebook.com\/BestMexAutoInsurance\/","article_modified_time":"2024-07-02T15:50:41+00:00","twitter_card":"summary_large_image","twitter_misc":{"Est. reading time":"1 minute"},"schema":{"@context":"https:\/\/schema.org","@graph":[{"@type":"WebPage","@id":"https:\/\/www.bestmex.com\/en\/mexico-insurance-blog\/los-angeles-verdes-roads-mexico\/","url":"https:\/\/www.bestmex.com\/en\/mexico-insurance-blog\/los-angeles-verdes-roads-mexico\/","name":"Los Angeles Verdes on the Roads of M\u00e9xico - Bestmex Blog","isPartOf":{"@id":"https:\/\/www.bestmex.com\/en\/mexico-insurance-blog\/#website"},"datePublished":"2018-12-04T21:44:14+00:00","dateModified":"2024-07-02T15:50:41+00:00","description":"The Los Angeles Verdes on the Roads of M\u00e9xico page contains the information about who they are and what is its function on the roads of M\u00e9xico","breadcrumb":{"@id":"https:\/\/www.bestmex.com\/en\/mexico-insurance-blog\/los-angeles-verdes-roads-mexico\/#breadcrumb"},"inLanguage":"en-US","potentialAction":[{"@type":"ReadAction","target":["https:\/\/www.bestmex.com\/en\/mexico-insurance-blog\/los-angeles-verdes-roads-mexico\/"]}]},{"@type":"BreadcrumbList","@id":"https:\/\/www.bestmex.com\/en\/mexico-insurance-blog\/los-angeles-verdes-roads-mexico\/#breadcrumb","itemListElement":[{"@type":"ListItem","position":1,"name":"Home","item":"https:\/\/www.bestmex.com\/en\/mexico-insurance-blog\/"},{"@type":"ListItem","position":2,"name":"Los Angeles Verdes on the Roads of M\u00e9xico"}]},{"@type":"WebSite","@id":"https:\/\/www.bestmex.com\/en\/mexico-insurance-blog\/#website","url":"https:\/\/www.bestmex.com\/en\/mexico-insurance-blog\/","name":"Bestmex","description":"The Best Mexican auto insurance","publisher":{"@id":"https:\/\/www.bestmex.com\/en\/mexico-insurance-blog\/#organization"},"potentialAction":[{"@type":"SearchAction","target":{"@type":"EntryPoint","urlTemplate":"https:\/\/www.bestmex.com\/en\/mexico-insurance-blog\/?s={search_term_string}"},"query-input":{"@type":"PropertyValueSpecification","valueRequired":true,"valueName":"search_term_string"}}],"inLanguage":"en-US"},{"@type":"Organization","@id":"https:\/\/www.bestmex.com\/en\/mexico-insurance-blog\/#organization","name":"BestMex Agency Inc.","url":"https:\/\/www.bestmex.com\/en\/mexico-insurance-blog\/","logo":{"@type":"ImageObject","inLanguage":"en-US","@id":"https:\/\/www.bestmex.com\/en\/mexico-insurance-blog\/#\/schema\/logo\/image\/","url":"https:\/\/www.bestmex.com\/en\/mexico-insurance-blog\/wp-content\/uploads\/2017\/06\/BestMex-logo.jpg","contentUrl":"https:\/\/www.bestmex.com\/en\/mexico-insurance-blog\/wp-content\/uploads\/2017\/06\/BestMex-logo.jpg","width":576,"height":541,"caption":"BestMex Agency Inc."},"image":{"@id":"https:\/\/www.bestmex.com\/en\/mexico-insurance-blog\/#\/schema\/logo\/image\/"},"sameAs":["https:\/\/www.facebook.com\/BestMexAutoInsurance\/","https:\/\/www.youtube.com\/channel\/UCAQ3nPuribFz5FBm9WSdqTg"]}]}},"_links":{"self":[{"href":"https:\/\/www.bestmex.com\/en\/mexico-insurance-blog\/wp-json\/wp\/v2\/pages\/7051","targetHints":{"allow":["GET"]}}],"collection":[{"href":"https:\/\/www.bestmex.com\/en\/mexico-insurance-blog\/wp-json\/wp\/v2\/pages"}],"about":[{"href":"https:\/\/www.bestmex.com\/en\/mexico-insurance-blog\/wp-json\/wp\/v2\/types\/page"}],"author":[{"embeddable":true,"href":"https:\/\/www.bestmex.com\/en\/mexico-insurance-blog\/wp-json\/wp\/v2\/users\/12"}],"replies":[{"embeddable":true,"href":"https:\/\/www.bestmex.com\/en\/mexico-insurance-blog\/wp-json\/wp\/v2\/comments?post=7051"}],"version-history":[{"count":23,"href":"https:\/\/www.bestmex.com\/en\/mexico-insurance-blog\/wp-json\/wp\/v2\/pages\/7051\/revisions"}],"predecessor-version":[{"id":18747,"href":"https:\/\/www.bestmex.com\/en\/mexico-insurance-blog\/wp-json\/wp\/v2\/pages\/7051\/revisions\/18747"}],"wp:attachment":[{"href":"https:\/\/www.bestmex.com\/en\/mexico-insurance-blog\/wp-json\/wp\/v2\/media?parent=7051"}],"curies":[{"name":"wp","href":"https:\/\/api.w.org\/{rel}","templated":true}]}}